6*p - 1600. What is z(6)?
56
Let q(s) = s**2 + s + 4. Calculate q(-16).
244
Let r(a) = -18*a - 181. What is r(16)?
-469
Let m(z) = 131*z - 75. Calculate m(1).
56
Let y(w) = -w**2 + 60*w - 410. Calculate y(8).
6
Let v(q) = -17*q**2 - 760*q + 224. Calculate v(-45).
-1
Let s(k) = 9*k**2 - 55*k - 130. Calculate s(8).
6
Let n(p) = -p**3 - 2*p**2 + 164*p + 53. Determine n(-13).
-220
Let q(j) = j**2 + 99*j + 807. Determine q(-90).
-3
Let x(y) = 4*y**3 + 30*y**2 + 67*y + 11. Determine x(-5).
-74
Let m(j) = 6*j**2 - 17*j - 3. What is m(7)?
172
Let j(b) = 345*b - 1757. Give j(5).
-32
Let s(p) = 666*p - 47945. Give s(72).
7
Let b(s) = -45*s**2 - 6*s - 8. What is b(-2)?
-176
Let l(c) = -57*c + 20. Give l(2).
-94
Let m(u) = 15*u**3 - 2*u**2 - 6*u - 11. Determine m(4).
893
Let n(t) = -47*t**3 - 41*t**2 - 6*t - 6. Give n(-1).
6
Let i(f) = -2*f**3 + 52*f**2 - 116*f + 1703. What is i(25)?
53
Let m(u) = u**3 - 2*u**2 - u + 8. Calculate m(5).
78
Let w(u) = -12*u**2 - 252*u + 2. Calculate w(-21).
2
Let p(v) = 124*v + 1563. Determine p(-12).
75
Let u(z) = -z**3 - 67*z**2 - 72*z - 598. Give u(-66).
-202
Let d(o) = -79*o + 4925. Give d(62).
27
Let j(b) = 3*b**3 - 265*b**2 - 176*b - 136. Determine j(89).
42
Let k(l) = 25*l + 11. Determine k(-3).
-64
Let c(l) = 3*l**3 + 87*l**2 + 298*l - 30. Give c(-25).
20
Let f(i) = i**2 + 17*i + 13. Calculate f(-3).
-29
Let u(b) = -531*b - 3205. Give u(-6).
-19
Let c(o) = -4*o**2 - 1646*o - 4915. Determine c(-3).
-13
Let g(r) = -339*r - 7067. What is g(-21)?
52
Let m(b) = -19*b**2 + 302*b + 5. What is m(16)?
-27
Let h(z) = z**3 + 70*z**2 + 1122*z - 147. What is h(-45)?
-12
Let b(r) = r**2 + 10*r - 419. What is b(16)?
-3
Let r(a) = -200*a - 3148. Determine r(-16).
52
Let a(z) = -z**3 + 92*z**2 + 589*z + 101. Give a(98).
199
Let s(a) = a**2 + 56*a + 96. What is s(-2)?
-12
Let h(x) = -25*x - 72. Determine h(-3).
3
Let w(a) = 62*a + 3470. Give w(-56).
-2
Let w(j) = 18*j**2 - 102*j + 24. Give w(3).
-120
Let c(i) = -10*i**2 - 52*i + 8. What is c(-5)?
18
Let s(g) = 10*g**2 - 225*g - 145. Determine s(23).
-30
Let o(j) = -1274*j + 1319. Calculate o(1).
45
Let w(l) = l**2 - 13*l + 39. What is w(10)?
9
Let g(c) = 38*c + 67. Give g(-4).
-85
Let k(y) = -31*y - 2881. Give k(-93).
2
Let x(j) = j**3 - 15*j**2 - 29*j - 76. What is x(17)?
9
Let h(y) = -y**3 + 25*y**2 + 60*y - 279. Give h(27).
-117
Let h(y) = -1316*y - 5266. What is h(-4)?
-2
Let b(m) = 73*m + 219. What is b(-3)?
0
Let s(x) = 25*x + 553. Determine s(-39).
-422
Let d(z) = 1715*z - 58314. Calculate d(34).
-4
Let x(u) = -31*u**2 + 403*u - 800. Give x(2).
-118
Let r(b) = 2*b**3 + 48*b**2 + 42*b - 114. Determine r(-23).
-22
Let b(d) = -d**2 + 83*d - 15. Calculate b(83).
-15
Let l(z) = 14*z**2 + 228*z + 316. Determine l(-15).
46
Let p(f) = -3*f**2 + 17*f - 121. Determine p(5).
-111
Let n(m) = -121*m + 6894. Calculate n(57).
-3
Let q(t) = -2*t**2 + 107*t - 60. Give q(54).
-114
Let m(d) = 7729*d - 30899. Give m(4).
17
Let t(k) = -2*k**2 + 53*k - 113. Determine t(24).
7
Let r(h) = 1453*h + 50861. Determine r(-35).
6
Let h(k) = k**2 + 47*k + 191. Give h(-5).
-19
Let h(f) = -90*f + 1806. Determine h(20).
6
Let v(g) = g**3 - g**2 + 13*g + 131. What is v(-4)?
-1
Let m(o) = -194*o - 3863. Give m(-20).
17
Let h(f) = -39*f - 94. Give h(-3).
23
Let b(h) = -205*h + 1550. Calculate b(9).
-295
Let f(c) = -11*c**2 - 1347*c - 605. Determine f(-122).
5
Let d(l) = l**2 + 1057*l + 8391. What is d(-8)?
-1
Let y(z) = -3*z**3 + 232*z**2 - 83*z + 464. What is y(77)?
2
Let x(r) = 308*r + 26191. Calculate x(-85).
11
Let b(n) = -2*n**2 - 117*n + 1574. Determine b(12).
-118
Let z(n) = -69*n - 358. Calculate z(-7).
125
Let j(s) = -s**2 - 21*s + 884. Give j(-42).
2
Let k(v) = v**2 - 1345*v - 12190. Give k(-9).
-4
Let z(s) = 509*s + 63107. Calculate z(-124).
-9
Let z(a) = 4*a - 75. Give z(18).
-3
Let q(s) = s**3 + 26*s**2 - 31*s - 71. Determine q(-27).
37
Let o(q) = -q**2 - 507*q - 24468. Calculate o(-54).
-6
Let p(r) = 59*r - 1973. What is p(34)?
33
Let k(q) = -56*q + 6498. Calculate k(116).
2
Let v(d) = -d**3 + 23*d**2 - 33*d + 250. Calculate v(22).
8
Let p(a) = 2716*a + 10847. What is p(-4)?
-17
Let s(g) = -g**3 - 3*g**2 + 4*g - 7. Calculate s(-4).
-7
Let o(x) = x**3 - 66*x**2 + 305*x - 6. What is o(61)?
-6
Let u(n) = -6*n**2 + 32*n + 19. Calculate u(6).
-5
Let a(s) = -s**3 - 30*s**2 + 34*s + 72. Calculate a(-31).
-21
Let t(o) = 316*o - 18957. Give t(60).
3
Let k(g) = 6*g**3 - 7*g + 6. Give k(-3).
-135
Let a(c) = -127*c**2 - 261*c - 10. What is a(-2)?
4
Let h(x) = -x**3 - 7*x**2 - 3*x + 13. Give h(-7).
34
Let c(z) = -z**2 + 9*z + 1520. What is c(43)?
58
Let i(v) = -50*v + 1425. Determine i(30).
-75
Let j(w) = -w**3 - 33*w**2 - 21*w - 88. What is j(-33)?
605
Let q(m) = 62*m + 6853. Calculate q(-111).
-29
Let h(x) = 9*x**2 - 719*x - 86. Determine h(80).
-6
Let h(p) = -128*p + 249. Determine h(2).
-7
Let k(z) = -33*z - 969. Give k(-28).
-45
Let o(l) = l**2 + 12583*l - 75531. Determine o(6).
3
Let r(j) = -j**2 + 197*j - 4882. Determine r(29).
-10
Let q(y) = -106*y + 57. What is q(3)?
-261
Let t(o) = -54*o**2 + 1188*o + 26. What is t(22)?
26
Let a(u) = 98*u - 2741. Calculate a(28).
3
Let y(v) = -1918*v + 15382. Calculate y(8).
38
Let i(g) = -31*g - 237. What is i(-7)?
-20
Let y(w) = -3*w**2 - 60*w - 35. Determine y(-20).
-35
Let r(a) = a**2 + 41*a + 414. Calculate r(-22).
-4
Let d(m) = 332*m + 3979. Determine d(-12).
-5
Let f(x) = -85*x + 172. What is f(3)?
-83
Let y(r) = 288*r + 12110. What is y(-42)?
14
Let r(p) = 5*p**2 + 49*p - 496. Determine r(-16).
0
Let p(w) = 25*w**2 - 127*w + 204. What is p(4)?
96
Let k(v) = -8855*v + 593287. Determine k(67).
2
Let y(q) = -q**3 - 13*q**2 + 5594*q + 67278. Give y(-12).
6
Let n(q) = -10*q**2 + 46*q + 79. Give n(-9).
-1145
Let v(n) = n**3 + 12*n**2 + 21*n + 32. What is v(-10)?
22
Let j(c) = -6939*c - 41631. Give j(-6).
3
Let t(o) = o**3 + 4*o**2 - 97*o + 27. Give t(-12).
39
Let r(j) = -j**3 - 18*j**2 + 20*j - 20. What is r(-18)?
-380
Let u(n) = n**2 + 55*n - 411. Determine u(6).
-45
Let m(a) = a**3 + 7*a**2 - 83*a - 545. What is m(-9)?
40
Let n(c) = c**3 + 7*c**2 + c + 37. What is n(-7)?
30
Let c(n) = 4*n**3 + 315*n**2 + 4993*n - 8. Give c(-22).
14
Let v(u) = 323*u + 1171. Give v(-4).
-121
Let m(t) = 48*t - 299. Give m(4).
-107
Let s(f) = -2*f**3 + 4*f + 291. Give s(0).
291
Let q(z) = 3358*z + 20142. What is q(-6)?
-6
Let v(c) = 2*c**3 + 7*c**2 - 25*c - 15. What is v(-5)?
35
Let r(i) = 2*i**2 + 35*i - 280. Calculate r(7).
63
Let r(t) = -1086*t - 1022. Give r(-1).
64
Let i(t) = -t**3 - 84*t**2 + 150*t - 1893. Calculate i(-86).
-1
Let s(q) = 893*q + 8029. Determine s(-9).
-8
Let x(q) = 95*q - 2943. Calculate x(39).
762
Let j(z) = -4059*z + 174539. What is j(43)?
2
Let c(v) = 2*v**3 + 17*v**2 - 10*v - 78. Determine c(-7).
139
Let t(n) = -24*n + 88. Determine t(7).
-80
Let s(v) = 5*v**3 - 159*v**2 - 33*v + 26. Give s(32).
-6
Let i(n) = 9*n**3 - 3*n**2 + n + 7. Determine i(-2).
-79
Let x(d) = -21*d + 51. Give x(-2).
93
Let y(r) = -2*r + 61. Determine y(23).
15
Let l(z) = -z**2 + 67*z + 750. Give l(77).
-20
Let j(n) = 57*n**2 + 578*n + 61. Give j(-10).
-19
Let z(s) = -6*s**2 + 38*s - 68. Calculate z(8).
-148
Let a(m) = m**3 + 81*m**2 + 630*m - 16. Give a(-72).
1280
Let b(k) = -k**2 - 29*k - 216. What is b(-14)?
-6
Let z(s) = 4*s**3 - 508*s**2 + 509*s - 624. What is z(126)?
6
Let v(p) = -p**3 - 31*p**2 + 90*p - 4. What is v(3)?
-40
Let n(q) = -56*q + 1288. Give n(23).
0
Let s(k) = -k**3 - 13*k**2 - 19*k - 50. What is s(-12)?
34
Let o(d) = d**3 + 52*d**2 - 2*d - 101. Calculate o(-52).
3
Let z(g) = 2*g**3 - 74*g**2 - 43. Determine z(37).
-43
Let r(c) = -c**3 - 18*c**2 + 19*c - 114. Determine r(-20).
306
Let p(k) = -k**2 + 47*k + 27. Determine p(51).
-177
Let h(f) = -116*f - 239. Calculate h(-2).
-7
Let r(o) = o**2 - 16*o - 19. Give r(17).
-2
Let x(l) = l**2 - 50*l - 2182. Determine x(-28).
2
Let t(z) = 80*z + 120. Calculate t(2).
280
Let l(r) = 118*r**2 + 2363*r - 57. Determine l(-20).
-117
Let c(h) = 92*h**2 - 550*h - 6. Determine c(6).
6
Let p(w) = w**3 - 20*w**2 - 19*w + 84. Determine p(21).
126
Let p(a) = a**3 - 4*a**2 - 7. Determine p(0).
-7
Let b(q) = -q**2 - 24*q + 6. Determine b(-17).
125
Let g(p) = -122*p - 11. Give g(-3).
355
Let d(x) = 3*x**2 - 32*x + 138. Determine d(6).
54